isor of 4500 and 37188?
36
What is the highest common divisor of 4073458 and 692?
346
What is the highest common factor of 6728 and 1717322?
1682
Calculate the highest common factor of 4 and 1029.
1
What is the greatest common factor of 37232 and 14456?
104
Calculate the highest common factor of 246213 and 297.
297
Calculate the highest common factor of 308 and 1656.
4
Calculate the greatest common factor of 19275 and 2235.
15
What is the highest common divisor of 123452 and 7?
7
Calculate the greatest common factor of 15447 and 1197.
57
What is the highest common divisor of 12837 and 33?
33
Calculate the greatest common divisor of 4850 and 323980.
970
What is the greatest common factor of 563402 and 98?
98
What is the greatest common factor of 135889 and 169?
13
What is the highest common factor of 8387435 and 35?
35
What is the greatest common factor of 195381 and 68?
17
What is the greatest common factor of 227510 and 10?
10
Calculate the highest common divisor of 4 and 2014.
2
What is the greatest common divisor of 102598 and 11868?
86
Calculate the highest common factor of 315381 and 3971.
209
Calculate the highest common factor of 1609 and 10.
1
What is the greatest common factor of 18733 and 1048?
131
What is the highest common factor of 14181 and 8965?
163
Calculate the highest common divisor of 1064224 and 448.
224
Calculate the highest common divisor of 2006394 and 78.
78
What is the highest common factor of 224700 and 68600?
700
What is the greatest common factor of 117 and 32773?
13
What is the highest common factor of 2768480 and 195?
65
Calculate the highest common divisor of 378 and 8226.
18
What is the greatest common factor of 1342 and 7678?
22
What is the highest common factor of 8 and 472616?
8
Calculate the highest common factor of 50 and 17860.
10
What is the highest common factor of 4120446 and 3352?
838
Calculate the greatest common factor of 11101 and 986.
17
What is the greatest common divisor of 152 and 211090?
38
Calculate the highest common factor of 273 and 17134.
13
Calculate the greatest common divisor of 119 and 22219.
17
Calculate the greatest common factor of 1149654 and 66.
66
What is the greatest common factor of 192 and 62912?
64
Calculate the highest common divisor of 95 and 241490.
95
Calculate the highest common divisor of 53325 and 50.
25
Calculate the greatest common factor of 3695 and 135976.
739
What is the highest common factor of 4484 and 3154?
38
What is the highest common divisor of 525 and 2835?
105
What is the greatest common factor of 115 and 1402517?
23
Calculate the greatest common factor of 22 and 494758.
22
Calculate the highest common divisor of 1438885 and 10.
5
Calculate the greatest common divisor of 34 and 315418.
34
What is the highest common factor of 60791 and 279?
31
Calculate the highest common divisor of 1830 and 18178.
122
Calculate the greatest common divisor of 28 and 44618.
14
What is the greatest common divisor of 130782 and 426?
426
Calculate the greatest common factor of 1459 and 6.
1
Calculate the greatest common factor of 28914 and 13908.
366
Calculate the greatest common divisor of 2550 and 11850.
150
Calculate the highest common divisor of 1415 and 1405.
5
Calculate the greatest common factor of 101724 and 173.
173
Calculate the highest common factor of 630517 and 37.
37
Calculate the highest common factor of 718 and 141805.
359
Calculate the greatest common factor of 785902 and 3674.
334
Calculate the highest common factor of 18331 and 9269.
23
What is the highest common factor of 501545 and 1658?
829
What is the highest common factor of 17899 and 868?
7
Calculate the highest common divisor of 16310 and 17010.
70
Calculate the highest common factor of 167133 and 21.
3
What is the greatest common divisor of 4514616 and 648?
648
Calculate the greatest common divisor of 500423 and 2211.
737
What is the greatest common divisor of 110743 and 531?
59
Calculate the greatest common factor of 6272 and 152.
8
Calculate the highest common divisor of 521183 and 47.
47
What is the greatest common divisor of 27236 and 11?
11
What is the highest common factor of 2656718 and 362?
362
Calculate the highest common divisor of 64 and 11232.
32
Calculate the highest common factor of 23214 and 424.
106
Calculate the greatest common divisor of 33 and 19911.
3
What is the greatest common divisor of 153 and 7072?
17
Calculate the highest common divisor of 125732 and 1700.
68
What is the highest common divisor of 231 and 1056?
33
Calculate the greatest common divisor of 63245 and 31136.
973
Calculate the greatest common divisor of 200 and 36450.
50
Calculate the greatest common divisor of 5380 and 560.
20
Calculate the highest common divisor of 34722 and 162.
54
What is the greatest common divisor of 224 and 43442?
14
Calculate the greatest common factor of 334 and 1087838.
334
What is the highest common factor of 3268 and 526492?
172
Calculate the highest common factor of 237867 and 16779.
987
Calculate the highest common divisor of 832827 and 4332.
1083
What is the greatest common divisor of 2578094 and 1158?
386
What is the greatest common factor of 554 and 257056?
554
Calculate the highest common factor of 4887 and 6156.
27
Calculate the highest common divisor of 77622 and 68.
34
Calculate the greatest common divisor of 108 and 28548.
36
What is the highest common factor of 305008 and 48?
16
Calculate the highest common divisor of 4102 and 262.
2
Calculate the greatest common divisor of 12249 and 621.
9
Calculate the highest common factor of 306 and 540158.
34
What is the greatest common factor of 6878 and 722?
38
Calculate the highest common factor of 73235 and 15.
5
Calculate the greatest common factor of 763 and 59283.
7
Calculate the greatest common divisor of 730 and 10265.
5
Calculate the greatest common divisor of 385 and 105.
35
What is the highest common factor of 21 and 91329?
21
Calculate the greatest common factor of 12 and 270184.
4
Calculate the highest common divisor of 8106573 and 87.
87
Calculate the greatest common divisor of 1460 and 105940.
20
Calculate the highest common divisor of 1403095 and 3468.
289
Calculate the highest common factor of 45 and 4056705.
45
What is the greatest common factor of 73158 and 137?
137
What is the greatest common factor of 5440 and 14620?
340
Calculate the greatest common factor of 740 and 330.
10
What is the highest common divisor of 110 and 37875?
5
Calculate the highest common divisor of 589 and 34627.
31
Calculate the highest common factor of 76 and 68.
4
Calculate the highest common divisor of 3556 and 723392.
508
Calculate the greatest common factor of 22326 and 23302.
122
Calculate the greatest common divisor of 113377 and 121.
121
Calculate the greatest common divisor of 127170 and 54.
54
Calculate the highest common divisor of 51184 and 48.
16
What is the greatest common factor of 21 and 22155?
21
What is the greatest common divisor of 67354 and 476?
238
Calculate the greatest common factor of 1280412 and 546.
42
What is the greatest common divisor of 588 and 9574012?
196
What is the greatest common divisor of 976 and 40?
8
Calculate the greatest common divisor of 296125 and 322.
23
What is the highest common factor of 115695 and 243?
27
What is the greatest common factor of 7 and 124152?
7
Calculate the highest common factor of 26228 and 28.
4
Calculate the highest common divisor of 336232 and 1378.
1378
What is the greatest common factor of 57993 and 117?
39
Calculate the greatest common divisor of 240343 and 31.
31
Calculate the highest common divisor of 11408 and 96.
16
What is the highest common factor of 11 and 22682?
11
Calculate the highest common divisor of 3045 and 6735.
15
What is the highest common divisor of 1518 and 14267?
11
Calculate the greatest common factor of 12677 and 77.
7
Calculate the greatest common factor of 10428 and 1524.
12
What is the highest common factor of 2608 and 27848?
8
What is the greatest common factor of 1160 and 2117?
29
Calculate the highest common factor of 116446 and 11.
11
What is the greatest common factor of 1066 and 188149?
533
What is the highest common divisor of 7634 and 242?
22
What is the highest common divisor of 1254 and 1686?
6
Calculate the greatest common divisor of 